of 2296.
2, 7, 41
What are the prime factors of 55580?
2, 5, 7, 397
List the prime factors of 41197.
13, 3169
List the prime factors of 914.
2, 457
List the prime factors of 899.
29, 31
What are the prime factors of 7207?
7207
List the prime factors of 47099.
13, 3623
What are the prime factors of 1183?
7, 13
List the prime factors of 5632.
2, 11
List the prime factors of 892.
2, 223
What are the prime factors of 16504?
2, 2063
List the prime factors of 1731.
3, 577
List the prime factors of 236.
2, 59
List the prime factors of 49887.
3, 23, 241
List the prime factors of 425.
5, 17
List the prime factors of 27818.
2, 7, 1987
List the prime factors of 11658.
2, 3, 29, 67
List the prime factors of 18379.
18379
List the prime factors of 54012.
2, 3, 7, 643
What are the prime factors of 1424?
2, 89
What are the prime factors of 107661?
3, 17, 2111
List the prime factors of 3060.
2, 3, 5, 17
List the prime factors of 551.
19, 29
What are the prime factors of 146673?
3, 43, 379
List the prime factors of 476.
2, 7, 17
What are the prime factors of 12945?
3, 5, 863
What are the prime factors of 15806?
2, 7, 1129
List the prime factors of 28616.
2, 7, 73
List the prime factors of 667.
23, 29
List the prime factors of 82239.
3, 79, 347
What are the prime factors of 86?
2, 43
What are the prime factors of 756?
2, 3, 7
What are the prime factors of 14155?
5, 19, 149
What are the prime factors of 1922?
2, 31
What are the prime factors of 6797?
7, 971
What are the prime factors of 32715?
3, 5, 727
What are the prime factors of 478?
2, 239
List the prime factors of 101304.
2, 3, 7, 67
What are the prime factors of 1027?
13, 79
List the prime factors of 3150.
2, 3, 5, 7
What are the prime factors of 1062?
2, 3, 59
List the prime factors of 6053.
6053
List the prime factors of 37794.
2, 3, 6299
List the prime factors of 391.
17, 23
List the prime factors of 5199.
3, 1733
What are the prime factors of 20?
2, 5
List the prime factors of 17537.
13, 19, 71
List the prime factors of 2663.
2663
List the prime factors of 20905.
5, 37, 113
What are the prime factors of 341?
11, 31
List the prime factors of 3387.
3, 1129
List the prime factors of 1420.
2, 5, 71
What are the prime factors of 124324?
2, 31081
List the prime factors of 5439.
3, 7, 37
What are the prime factors of 66935?
5, 11, 1217
List the prime factors of 562.
2, 281
What are the prime factors of 50050?
2, 5, 7, 11, 13
List the prime factors of 109689.
3, 36563
What are the prime factors of 1124?
2, 281
What are the prime factors of 24283?
7, 3469
What are the prime factors of 105974?
2, 11, 4817
List the prime factors of 1341.
3, 149
What are the prime factors of 42533?
42533
List the prime factors of 1086.
2, 3, 181
What are the prime factors of 21140?
2, 5, 7, 151
What are the prime factors of 11063?
13, 23, 37
List the prime factors of 132159.
3, 44053
List the prime factors of 10107.
3, 1123
What are the prime factors of 19655?
5, 3931
What are the prime factors of 134479?
89, 1511
List the prime factors of 1182.
2, 3, 197
List the prime factors of 1703.
13, 131
List the prime factors of 27030.
2, 3, 5, 17, 53
What are the prime factors of 4724?
2, 1181
List the prime factors of 6898.
2, 3449
What are the prime factors of 14599?
13, 1123
What are the prime factors of 523?
523
What are the prime factors of 31420?
2, 5, 1571
What are the prime factors of 70?
2, 5, 7
What are the prime factors of 26716?
2, 6679
List the prime factors of 69220.
2, 5, 3461
What are the prime factors of 1825?
5, 73
List the prime factors of 1641.
3, 547
What are the prime factors of 11995?
5, 2399
What are the prime factors of 196?
2, 7
What are the prime factors of 84?
2, 3, 7
What are the prime factors of 9?
3
What are the prime factors of 8018?
2, 19, 211
List the prime factors of 1095.
3, 5, 73
What are the prime factors of 282?
2, 3, 47
What are the prime factors of 2242?
2, 19, 59
What are the prime factors of 4587?
3, 11, 139
List the prime factors of 2249.
13, 173
What are the prime factors of 197?
197
List the prime factors of 202.
2, 101
List the prime factors of 25432.
2, 11, 17
What are the prime factors of 1564?
2, 17, 23
List the prime factors of 16840.
2, 5, 421
What are the prime factors of 68031?
3, 7559
What are the prime factors of 952?
2, 7, 17
List the prime factors of 19214.
2, 13, 739
List the prime factors of 102831.
3, 151, 227
List the prime factors of 25250.
2, 5, 101
List the prime factors of 2570.
2, 5, 257
List the prime factors of 73.
73
What are the prime factors of 54636?
2, 3, 29, 157
What are the prime factors of 7626?
2, 3, 31, 41
List the prime factors of 19313.
7, 31, 89
What are the prime factors of 1007?
19, 53
List the prime factors of 8928.
2, 3, 31
List the prime factors of 73472.
2, 7, 41
What are the prime factors of 358?
2, 179
List the prime factors of 5699.
41, 139
What are the prime factors of 86985?
3, 5, 1933
What are the prime factors of 12023?
11, 1093
List the prime factors of 584.
2, 73
List the prime factors of 39482.
2, 19, 1039
What are the prime factors of 2113?
2113
List the prime factors of 57221.
57221
List the prime factors of 14345.
5, 19, 151
What are the prime factors of 1205?
5, 241
List the prime factors of 13757.
13757
List the prime factors of 4074.
2, 3, 7, 97
List the prime factors of 149.
149
What are the prime factors of 4248?
2, 3, 59
What are the prime factors of 53458?
2, 26729
List the prime factors of 3551.
53, 67
What are the prime factors of 38024?
2, 7, 97
What are the prime factors of 4921?
7, 19, 37
What are the prime factors of 2192?
2, 137
List the prime factors of 7503.
3, 41, 61
List the prime factors of 29293.
11, 2663
List the prime factors of 39989.
39989
List the prime factors of 1023.
3, 11, 31
List the prime factors of 105550.
2, 5, 2111
List the prime factors of 207.
3, 23
What are the prime factors of 10355?
5, 19, 109
What are the prime factors of 83113?
17, 4889
What are the prime factors of 128447?
11, 11677
List the prime factors of 4017.
3, 13, 103
List the prime factors of 4789.
4789
What are the prime factors of 16430?
2, 5, 31, 53
List the prime factors of 2034.
2, 3, 113
List the prime factors of 9965.
5, 1993
What are the prime factors of 9128?
2, 7, 163
List the prime factors of 2692.
2, 673
What are the prime factors of 23914?
2, 11, 1087
List the prime factors of 2862.
2, 3, 53
What are the prime factors of 8057?
7, 1151
What are the prime factors of 1542?
2, 3, 257
List the prime factors of 827.
827
What are the prime factors of 791?
7, 113
List the prime factors of 3452.
2, 863
List the prime factors of 20267.
13, 1559
List the prime factors of 160.
2, 5
List the prime factors of 10103.
10103
List the prime factors of 1924.
2, 13, 37
What are the prime factors of 2536?
2, 317
What are the prime factors of 9501?
3, 3167
List the prime factors of 1270.
2, 5, 127
What are the prime factors of 85913?
53, 1621
List the prime factors of 24459.
3, 31, 263
What are the prime factors of 1125?
3, 5
What are the prime factors of 82664?
2, 10333
List the prime factors of 2251.
2251
List the prime factors of 27694.
2, 61, 227
List the prime factors of 54941.
54941
List the prime factors of 7658.
2, 7, 547
List the prime factors of 1300.
2, 5, 13
List the prime factors of 361.
19
List the prime factors of 78159.
3, 26053
List the prime factors of 97274.
2, 17, 2861
What are the prime factors of 4811?
17, 283
What are the prime factors of 28638?
2, 3, 37, 43
List the prime factors of 865.
5, 173
List the prime factors of 3620.
2, 5, 181
What are the prime factors of 782?
2, 17, 23
What are the prime factors of 2169?
3, 241
What are the prime factors of 176318?
2, 23, 3833
What are the prime factors of 3042?
2, 3, 13
List the prime factors of 54606.
2, 3, 19, 479
List the prime factors of 9579.
3, 31, 103
What are the prime factors of 91726?
2, 45863
What are the prime factors of 48269?
13, 47, 79
List the prime factors of 2175.
3, 5, 29
List the prime factors of 3706.
2, 17, 109
What are the prime factors of 769?
769
What are the prime factors of 14731?
14731
What are the prime factors of 74168?
2, 73, 127
List the prime factors of 117064.
2, 14633
List the prime factors of 6393.
3, 2131
What are the prime factors of 2635